{"id":1853,"date":"2021-08-29T23:47:14","date_gmt":"2021-08-30T04:47:14","guid":{"rendered":"https:\/\/persianaslasombra.com\/venta-en-linea\/?post_type=product&#038;p=1853"},"modified":"2026-03-03T10:41:37","modified_gmt":"2026-03-03T16:41:37","slug":"cortina-celebrity-soft-dense-wood-look","status":"publish","type":"product","link":"https:\/\/persianaslasombra.com\/venta-en-linea\/tienda\/cortina-celebrity-soft-dense-wood-look\/","title":{"rendered":"CORTINA CELEBRITY SOFT DENSE WOOD LOOK"},"content":{"rendered":"","protected":false},"excerpt":{"rendered":"<p>Belleza y Calidez de las telas<br \/>\nEl Confort del manejo de las enrollable<br \/>\nVentaja del control de iluminaci\u00f3n y privacidad en poco espacio<\/p>\n","protected":false},"featured_media":2006,"template":"","meta":{"_et_pb_use_builder":"off","_et_pb_old_content":"","_et_gb_content_width":""},"product_cat":[25],"product_tag":[],"wcpa_form_fields":{"wcpaData":{"product":{"product_price":990,"price_html":"<span class=\"woocommerce-Price-amount amount\"><bdi><span class=\"woocommerce-Price-currencySymbol\">&#36;<\/span>990.00<\/bdi><\/span>","original_product_price":990,"price_including_tax":990,"price_excluding_tax":990,"product_id":{"parent":1853,"variation":false},"is_variable":true,"stock_status":"instock","stock_quantity":null,"parent_sku":"","product_attributes":{"pa_color-dense-wood-look":{"is_variation":true,"values":[]},"pa_mecanismo-de-cadena":{"is_variation":true,"values":[]}},"custom_fields":[],"is_taxable":false},"fields":{"sec_966692f73e3783":{"extra":{"key":"sec_966692f73e3783","section_id":"sec_966692f73e3783","name":"Default","status":1,"cl_rule":"show","enableCl":false,"relations":[],"toggle":true,"title_tag":"h3","show_title":false,"showPrice":"default","form_id":1703,"form_rules":{"exclude_from_discount":false,"fee_label":"Fee","disp_hide_options_price":false,"disp_show_section_price":false,"disp_show_field_price":true,"layout_option":"standard","pric_use_as_fee":false,"process_fee_as":"woo_fee"},"layout_option":"standard"},"fields":[[{"active":true,"col":4,"relations":false,"cl_rule":"show","enableCl":false,"price":"","enablePrice":false,"className":"","label_position":"default","desc_position":"default","type":"header","required":false,"elementId":"header_2185273511","label":"* Medidas mayores de 2.50 de ancho \u00f3 3.20 de alto, favor de comunicarse a f\u00e1brica para darte una cotizaci\u00f3n (33) 3825 4654.","subtype":"h4","error":false,"gt_translate_keys":["label"],"price_dependency":false,"cl_dependency":false,"value":""}],[{"label":"Ancho (cm)","active":true,"required":true,"elementId":"number-9546203106","value":"100","name":"width_needed","label_position":"default","desc_position":"default","enablePrice":false,"className":"","enableCl":false,"relations":false,"price":"","cl_rule":"show","col":1,"type":"number","error":false,"min":"1","max":"250","minValueError":"El ancho de la cortina debe ser m\u00ednimo de 1 cm.","maxValueError":"El ancho de la cortina debe ser m\u00e1ximo de 250 cm.","requiredError":"El ancho es requerido.","step":"1","gt_translate_keys":["label","value","requiredError","minValueError","maxValueError"],"price_dependency":false,"cl_dependency":false},{"active":true,"col":1,"relations":false,"cl_rule":"show","enableCl":false,"price":"","enablePrice":false,"className":"","label_position":"default","desc_position":"default","type":"number","required":true,"elementId":"number_6951389825","label":"Alto (cm)","name":"length_needed","value":"100","error":false,"min":"1","max":"300","maxValueError":"La altura de la cortina debe ser m\u00e1ximo de 300 cm.","minValueError":"La altura de la cortina debe ser m\u00ednimo de 1 cm.","requiredError":"El alto es requerido.","step":"1","gt_translate_keys":["label","value","requiredError","minValueError","maxValueError"],"price_dependency":false,"cl_dependency":false}],[{"active":true,"col":1,"relations":false,"cl_rule":"show","enableCl":false,"price":"","enablePrice":false,"className":"","label_position":"default","desc_position":"default","type":"text","subtype":"text","required":true,"elementId":"text_7509903710","label":"Precio (m2)","name":"m2_amount","value":"$0.0 MXN","error":false,"gt_translate_keys":["label","value"],"price_dependency":false,"cl_dependency":false},{"active":true,"col":1,"relations":false,"cl_rule":"show","enableCl":false,"price":"","enablePrice":false,"className":"","label_position":"default","desc_position":"default","type":"text","subtype":"text","required":true,"elementId":"text_1750952699","label":"\u00c1rea","name":"area","value":"0 m2","error":false,"gt_translate_keys":["label","value"],"price_dependency":false,"cl_dependency":false},{"label":"Precio","active":true,"required":true,"elementId":"text-8274890683","value":"$0.0 MXN","name":"amount","label_position":"default","desc_position":"default","enablePrice":false,"className":"","enableCl":false,"relations":false,"subtype":"text","price":"","cl_rule":"show","col":1,"type":"text","error":false,"gt_translate_keys":["label","value"],"price_dependency":false,"cl_dependency":false}],[{"type":"number","required":true,"elementId":"wcpa-number-1597274288279","label":"Largo de la cadena (cm)","placeholder":"Ej. 100","pricingType":"fixed","min":"1","step":"1","name":"input_length_cadena","cl_rule":"show","col":"2","relations":[{"operator":false,"rules":[]}],"active":true,"tooltip":"","requiredError":"Por favor ingresa el largo de la cadena.","error":false,"gt_translate_keys":["label","placeholder","tooltip","requiredError"],"price_dependency":false,"cl_dependency":false,"value":""}],[{"type":"text","required":true,"elementId":"wcpa-text-1597274358957","label":"\u00c1rea donde se instalara la cortina","placeholder":"Ej. Sala, recamara, comedor","pricingType":"fixed","name":"text-1597274358956","subtype":"text","cl_rule":"show","col":2,"relations":false,"active":true,"tooltip":"","error":false,"requiredError":"Por favor ingresa el \u00e1rea donde colocar\u00e1s la cortina.","gt_translate_keys":["label","placeholder","tooltip","requiredError"],"price_dependency":false,"cl_dependency":false,"value":""}]]}},"config":{"price_override":"","enable_recaptcha":false,"bind_quantity":false,"quantity_bind_formula":"","disp_summ_show_option_price":true,"disp_summ_show_product_price":true,"disp_summ_show_total_price":true,"disp_summ_show_fee":false,"disp_summ_show_discount":false,"summary_title":"","options_total_label":"Options Price","total_label":"Total","options_product_label":"Product Price","fee_label":"Fee","discount_label":"Discount","has_price":true,"has_quantity_formula":false},"mc_unit":1,"tax_rate":1,"tax_rate_real":1,"discount":{"percentage":0,"fixed":0},"design":{"conf":{"LabelPosition":"above","DescPosition":"above","UploadField":"custom_1","QuantityFieldStyle":"default"},"css":{"LeftLabelWidth":"120px"}},"formulas":[],"clones":false,"cartKey":false}},"_links":{"self":[{"href":"https:\/\/persianaslasombra.com\/venta-en-linea\/wp-json\/wp\/v2\/product\/1853"}],"collection":[{"href":"https:\/\/persianaslasombra.com\/venta-en-linea\/wp-json\/wp\/v2\/product"}],"about":[{"href":"https:\/\/persianaslasombra.com\/venta-en-linea\/wp-json\/wp\/v2\/types\/product"}],"wp:featuredmedia":[{"embeddable":true,"href":"https:\/\/persianaslasombra.com\/venta-en-linea\/wp-json\/wp\/v2\/media\/2006"}],"wp:attachment":[{"href":"https:\/\/persianaslasombra.com\/venta-en-linea\/wp-json\/wp\/v2\/media?parent=1853"}],"wp:term":[{"taxonomy":"product_cat","embeddable":true,"href":"https:\/\/persianaslasombra.com\/venta-en-linea\/wp-json\/wp\/v2\/product_cat?post=1853"},{"taxonomy":"product_tag","embeddable":true,"href":"https:\/\/persianaslasombra.com\/venta-en-linea\/wp-json\/wp\/v2\/product_tag?post=1853"}],"curies":[{"name":"wp","href":"https:\/\/api.w.org\/{rel}","templated":true}]}}